o base 12.
2a45882
101010010010110110 (base 2) to base 10
173238
What is 2160452 (base 11) in base 14?
70a1b2
What is 105078 (base 11) in base 3?
22112011111
Convert -2a327 (base 13) to base 7.
-451110
Convert -11001111110000000000 (base 2) to base 13.
-23a423
What is 10432530 (base 6) in base 13?
b0829
518561 (base 9) to base 11
1a052a
-1013130222 (base 4) to base 5
-33331100
What is -6450937 (base 10) in base 5?
-3122412222
-4618832 (base 9) to base 3
-11200122221002
Convert 311244113 (base 5) to base 11.
7a0948
What is 21210211020 (base 3) in base 5?
14404230
Convert -165830 (base 10) to base 8.
-503706
-75494a (base 11) to base 13
-333525
4093b6 (base 13) to base 15
1eb186
4667044 (base 8) to base 15
1a2470
-421024 (base 6) to base 4
-20102020
-3b039 (base 12) to base 5
-10100021
Convert -2526 (base 7) to base 10.
-951
-54bcca (base 14) to base 16
-2be06a
What is -32412432 (base 6) in base 3?
-1211002021002
Convert 447533 (base 8) to base 14.
3d255
-2448023 (base 9) to base 6
-44310503
-12f4e (base 16) to base 8
-227516
Convert -a523c (base 13) to base 10.
-296984
Convert 209935 (base 10) to base 8.
632017
Convert 3246aa (base 11) to base 6.
15040541
What is -14430330 (base 5) in base 15?
-30e45
Convert -153849 (base 11) to base 6.
-5043422
-132481 (base 14) to base 3
-1020111121100
Convert 1945a59 (base 11) to base 8.
14424731
-2462773 (base 9) to base 5
-320344120
Convert 1266513 (base 7) to base 15.
34b8c
What is 101821 (base 14) in base 10?
542165
Convert 1034112 (base 6) to base 16.
c8fc
-c706 (base 15) to base 9
-63646
Convert -1c88c (base 13) to base 3.
-2212100122
Convert -1002213231212 (base 4) to base 3.
-1012212021022222
Convert 2283a (base 11) to base 2.
1000000010111011
-281389 (base 10) to base 7
-2251243
41234214 (base 5) to base 7
2601644
Convert -200011122122 (base 3) to base 8.
-1272466
What is -1111202201200 (base 3) in base 16?
-c3e7f
What is -25561135 (base 8) in base 3?
-101201021202120
-6378630 (base 9) to base 8
-15023721
What is 157277 (base 9) in base 7?
553231
What is -101204206 (base 7) in base 4?
-112210231210
Convert 1878a (base 12) to base 6.
433054
-13cc3 (base 13) to base 2
-1001000111011011
-238975 (base 14) to base 9
-2251243
Convert 24211341 (base 5) to base 4.
313020312
1401341 (base 5) to base 14
a48a
Convert -2051457 (base 8) to base 15.
-ab9c3
Convert 112221111112 (base 3) to base 2.
1000111110100001000
-30c28 (base 13) to base 14
-23d97
4056134 (base 7) to base 14
c891b
What is -177415 (base 8) in base 5?
-4042133
Convert -1030031233 (base 4) to base 5.
-34442200
Convert -111010011101100111 (base 2) to base 3.
-110011111000
Convert 60213620 (base 7) to base 12.
1801182
What is 9069e (base 16) in base 7?
5012354
Convert -2403444331 (base 5) to base 6.
-314315252
102400114 (base 5) to base 8
1520351
-2051054 (base 7) to base 12
-bb405
What is -411253 (base 6) in base 2?
-111111111010001
332045 (base 7) to base 16
e3e7
Convert a6920 (base 14) to base 10.
402416
Convert -2618508 (base 12) to base 4.
-130213013120
-25512253 (base 7) to base 5
-1043310324
Convert -70445 (base 9) to base 7.
-251651
-202344310 (base 5) to base 6
-25403123
Convert -12686438 (base 10) to base 5.
-11221431223
What is -14301 (base 8) in base 10?
-6337
Convert 448211 (base 12) to base 3.
2001111111011
Convert 11302312 (base 4) to base 7.
126124
1711073 (base 8) to base 15
9c042
Convert 10221001101 (base 3) to base 7.
441253
What is 26b6 (base 12) in base 5?
120313
Convert -499766 (base 12) to base 6.
-41405010
-211010100022011 (base 3) to base 11
-6700676
-100000000101010100110101 (base 2) to base 10
-8410421
Convert -32056 (base 12) to base 3.
-10100011110
2165 (base 8) to base 4
101311
-18b7d9 (base 15) to base 6
-41442423
Convert -22359 (base 13) to base 9.
-104156
What is -252201332 (base 6) in base 2?
-10010100100100000011000
What is -4113240 (base 5) in base 4?
-100102013
Convert 328523 (base 11) to base 15.
a5293
-25335355 (base 9) to base 6
-1122142035
Convert -110222201222 (base 3) to base 8.
-763311
What is 1048747 (base 9) in base 5?
121023002
-10001101001011100 (base 2) to base 15
-1663e
What is 214440430 (base 5) in base 14?
1a567c
Convert -200212012212 (base 3) to base 14.
-993d9
Convert 131030032122 (base 4) to base 5.
3424333000
101111110100000111 (base 2) to base 12
95407
45024340 (base 7) to base 12
137653a
22561330 (base 7) to base 13
544ab6
-235471 (base 9) to base 14
-39978
What is -212002333030 (base 4) in base 14?
-1478a3a
What is -10421430 (base 5) in base 10?
-92115
-2208407 (base 9) to base 2
-100100001110101000111
Convert -1001111111011101111 (base 2) to base 13.
-b6042
What is 5153421 (base 6) in base 9?
417584
-2105596 (base 10) to base 8
-10020374
26c22 (base 16) to base 13
5734b
What is -b607ba (base 15) in base 10?
-8658625
Convert -212120210112 (base 3) to base 15.
-92835
What is -1926840 (base 13) in base 6?
-452340510
What is -21161066 (base 7) in base 12?
-72766b
Convert -142606345 (base 7) to base 8.
-43662147
Convert -4891 (base 10) to base 3.
-20201011
What is -1244993 (base 10) in base 8?
-4577501
What is 4043 (base 12) in base 2?
1101100110011
Convert -12642100 (base 7) to base 14.
-226570
Convert -9a74 (base 16) to base 14.
-105a4
What is -3067b5 (base 14) in base 10?
-1631467
356566 (base 11) to base 14
109ca9
-949ca3 (base 13) to base 12
-11b875b
-1665e (base 16) to base 9
-148755
What is -11332535 (base 7) in base 2?
-11110100000101011101
-203103120212 (base 4) to base 13
-1bc03cb
102020020000020 (base 3) to base 6
331531053
-210301020000 (base 4) to base 7
-144632202
Convert -147415 (base 9) to base 13.
-323b7
What is 27cc01 (base 15) in base 4?
13103312212
Convert -12686811 (base 9) to base 12.
-2119401
Convert -aa94 (base 16) to base 10.
-43668
1102505441 (base 6) to base 5
11021001003
Convert 32150 (base 6) to base 9.
6013
Convert -1234232323 (base 5) to base 2.
-1011100110000111100001
What is 13064174 (base 10) in base 3?
220120201200022
Convert -4121 (base 14) to base 6.
-123505
What is d1c7d8 (base 16) in base 3?
221212110222000
Convert a0618 (base 15) to base 10.
507623
Convert 191776 (base 10) to base 2.
101110110100100000
What is 1144405015 (base 6) in base 10?
13095875
-13305520 (base 6) to base 15
-8ba89
Convert 23872 (base 12) to base 2.
1011101100010110
What is -4176276 (base 8) in base 5?
-241111103
Convert 549756 (base 10) to base 8.
2061574
Convert -b7725b (base 13) to base 3.
-22002110102011
Convert -100100210122 (base 3) to base 6.
-3541112
865c3a (base 15) to base 12
2186924
Convert 4103212214 (base 5) to base 7.
130120265
-100010000111100001 (base 2) to base 3
-21002200202
1313103223 (base 4) to base 7
4103506
What is 2064838 (base 10) in base 4?
13320013012
-136545 (base 11) to base 4
-310021232
Convert -1404340414 (base 5) to base 8.
-15543735
What is -998412 (base 13) in base 14?
-6a21bb
Convert -240265 (base 7) to base 9.
-65431
100110011010110110 (base 2) to base 16
266b6
Convert -29390 (base 11) to base 2.
-1010001011111011
What is -2a02 (base 16) in base 9?
-15668
Convert -2212 (base 6) to base 15.
-242
12303312333 (base 4) to base 14
34687d
Convert -32123032133 (base 4) to base 9.
-7103255
-fcd5 (base 16) to base 6
-1215353
What is 18083342 (base 9) in base 2?
100010101011000110101101
What is -6653106 (base 9) in base 16?
-3698a3
What is -6772154 (base 9) in base 15?
-4c1504
Convert -23077705 (base 8) to base 14.
-9470b3
-edb60 (base 16) to base 3
-1211110121122
Convert 6020 (base 12) to base 15.
312c
Convert -18602876 (base 9) to base 8.
-43645566
Convert 1302142 (base 7) to base 5.
20400320
-12550502 (base 6) to base 2
-1100110001111100110
-21616161 (base 7) to base 8
-7104460
What is -610870 (base 10) in base 9?
-1130854
-676051 (base 9) to base 2
-1100010110010100001
Convert -4710367 (base 9) to base 12.
-a29444
-31155133 (base 7) to base 4
-21333113332
What is -54526 (base 11) in base 14?
-20bc6
Convert a9110c (base 13) to base 7.
45523134
Convert -11001010100110110 (base 2) to base 16.
-19536
What is 7517aa (base 11) in base 14?
234508
-12150421 (base 7) to base 16
-109978
Convert 172472 (base 10) to base 12.
83988
What is 4618cb (base 15) in base 5?
1324042431
42512503 (base 7) to base 8
15630110
26de65 (base 16) to base 8
11557145
What is 4890